n base 16?
bf
Convert -5054 (base 7) to base 8.
-3332
Convert -27630 (base 8) to base 12.
-7074
What is 226 (base 11) in base 15?
130
What is -2412 (base 6) in base 10?
-584
Convert -306 (base 8) to base 16.
-c6
What is -563 (base 12) in base 6?
-3403
Convert 110111120 (base 3) to base 4.
2032122
-100100000000 (base 2) to base 12
-1400
-583 (base 14) to base 10
-1095
Convert 1110000000 (base 2) to base 10.
896
Convert -401 (base 11) to base 13.
-2b4
11210221 (base 3) to base 11
26aa
-36a0 (base 13) to base 6
-55451
What is -284 (base 16) in base 6?
-2552
5734 (base 8) to base 15
d76
Convert 23c (base 14) to base 8.
676
Convert 121200002 (base 3) to base 12.
7048
-84b3 (base 13) to base 14
-69c2
What is -999 (base 10) in base 11?
-829
-195 (base 14) to base 2
-101000111
What is -2211 (base 4) in base 7?
-324
Convert -14004 (base 6) to base 12.
-1304
What is -1123 (base 5) in base 12?
-117
What is -75881 (base 10) in base 2?
-10010100001101001
Convert 5531 (base 9) to base 7.
14614
-205 (base 11) to base 13
-160
-558 (base 9) to base 10
-458
Convert -4b4 (base 16) to base 5.
-14304
-211021 (base 3) to base 2
-1001011001
What is 1224 (base 5) in base 16?
bd
Convert -10379 (base 11) to base 6.
-153510
What is -16042 (base 8) in base 13?
-3380
Convert -d77 (base 14) to base 15.
-bbd
Convert -1072 (base 8) to base 15.
-280
What is ab53 (base 14) in base 2?
111001111100101
What is 777b (base 15) in base 8?
61344
Convert 54513 (base 6) to base 10.
7533
What is -591 (base 14) in base 4?
-101103
-1080 (base 10) to base 12
-760
What is 1215 (base 9) in base 15?
405
What is -426a (base 12) in base 16?
-1c72
Convert 144 (base 15) to base 2.
100100001
What is -7507 (base 10) in base 11?
-5705
What is 145 (base 7) in base 5?
312
What is -2543 (base 9) in base 12?
-1126
Convert -35c (base 14) to base 12.
-47a
What is -2947 (base 10) in base 12?
-1857
Convert 11100 (base 3) to base 13.
90
What is -40010 (base 5) in base 2?
-100111001001
What is 11210 (base 6) in base 15?
710
Convert 181 (base 12) to base 16.
f1
What is -2030 (base 4) in base 5?
-1030
Convert -11a8a (base 12) to base 2.
-101110111001010
What is -277 (base 15) in base 6?
-2334
Convert -129 (base 16) to base 4.
-10221
What is 374 (base 15) in base 2?
1100010000
What is 3134032 (base 5) in base 7?
305514
Convert 1273 (base 11) to base 7.
4551
-78 (base 14) to base 5
-411
Convert 13634 (base 7) to base 14.
151b
What is 201c (base 15) in base 3?
100022000
-1110001001000 (base 2) to base 3
-100221011
What is 101001001000100 (base 2) in base 7?
115254
-102201 (base 3) to base 13
-1b4
23622 (base 7) to base 13
2a45
2884 (base 10) to base 11
2192
Convert -11000101001 (base 2) to base 10.
-1577
471 (base 12) to base 5
10121
-160543 (base 7) to base 6
-401441
-15e8 (base 16) to base 3
-21200201
-11101122 (base 4) to base 11
-15251
Convert -1210 (base 8) to base 15.
-2d3
What is -13628 (base 10) in base 5?
-414003
What is -1367a (base 14) in base 11?
-33015
11102320 (base 4) to base 10
21688
Convert 3203243 (base 5) to base 11.
37283
Convert 25313 (base 11) to base 10.
36314
111110 (base 2) to base 12
52
What is 13331 (base 8) in base 7?
23024
What is -1493 (base 15) in base 4?
-1010331
Convert -1aa (base 15) to base 2.
-110000001
What is 36 (base 14) in base 4?
300
-525 (base 9) to base 16
-1ac
What is 70 (base 15) in base 11?
96
Convert 33013 (base 4) to base 9.
1284
What is -7927 (base 11) in base 2?
-10100011000011
-540 (base 13) to base 12
-629
What is a04 (base 11) in base 10?
1214
Convert 1341 (base 7) to base 9.
636
What is -9b4 (base 14) in base 10?
-1922
What is 110110101011101 (base 2) in base 5?
1343442
What is 2155 (base 8) in base 4?
101231
9775 (base 10) to base 5
303100
What is -caac (base 14) in base 10?
-35040
Convert -4cb (base 15) to base 9.
-1442
Convert 393a (base 12) to base 7.
25012
What is -30130 (base 4) in base 2?
-1100011100
8039 (base 10) to base 12
479b
What is -111110011010 (base 2) in base 9?
-5427
Convert -101010000 (base 2) to base 12.
-240
167c9 (base 13) to base 16
a853
What is 571 (base 8) in base 2?
101111001
What is -1254 (base 7) in base 3?
-122210
What is 2c20 (base 15) in base 3?
111000010
What is -46b8 (base 12) in base 4?
-1323230
Convert -1211333 (base 4) to base 10.
-6527
505 (base 6) to base 5
1220
Convert 4253 (base 10) to base 8.
10235
-10110001000 (base 2) to base 7
-4062
2258 (base 12) to base 9
5205
Convert -10010000000 (base 2) to base 5.
-14102
Convert 64 (base 12) to base 15.
51
What is 153300 (base 6) in base 3?
202121000
What is 12443 (base 7) in base 5?
101224
What is -239 (base 11) in base 9?
-345
What is 722 (base 14) in base 15?
637
Convert -1673 (base 9) to base 14.
-677
Convert 1796 (base 11) to base 9.
3116
-10112122 (base 3) to base 4
-220112
Convert -92656 (base 10) to base 2.
-10110100111110000
What is 111110 (base 6) in base 15?
2b70
What is -47608 (base 9) in base 10?
-31841
What is -89a (base 13) in base 14?
-779
What is -82a (base 16) in base 6?
-13402
What is 1233 (base 6) in base 3?
102110
What is -18a2 (base 15) in base 6?
-40355
What is 564 (base 11) in base 2?
1010100011
What is 3432 (base 6) in base 2?
1100101100
Convert 5ba (base 12) to base 7.
2341
1020101 (base 3) to base 14
485
f5 (base 16) to base 13
15b
-63826 (base 9) to base 12
-20529
What is -7312 (base 11) in base 14?
-3765
Convert a90 (base 12) to base 4.
120030
Convert -142056 (base 7) to base 2.
-110101000000010
Convert -36450 (base 10) to base 8.
-107142
What is -221203 (base 4) in base 8?
-5143
100010001 (base 2) to base 4
10101
Convert 3915 (base 10) to base 7.
14262
What is 111122 (base 3) in base 2?
101110000
Convert -2290 (base 10) to base 8.
-4362
1002002112 (base 3) to base 11
14a31
1314 (base 11) to base 14
8a1
Convert 146b (base 12) to base 16.
953
Convert -12212 (base 4) to base 2.
-110100110
What is -2789 (base 16) in base 10?
-10121
What is -9b8 (base 12) in base 14?
-748
-10 (base 8) to base 7
-11
-33db (base 15) to base 4
-2223332
Convert 1010302 (base 4) to base 11.
3342
Convert -2550 (base 10) to base 6.
-15450
8b6 (base 15) to base 6
13043
What is -a64 (base 14) in base 3?
-2210212
-5100 (base 6) to base 12
-790
Convert -111311 (base 4) to base 7.
-4034
Convert -5123 (base 6) to base 13.
-690
Convert -75a (base 12) to base 13.
-64c
What is 16301 (base 7) in base 5?
121412
What is 252 (base 14) in base 13?
299
Convert -15ac (base 16) to base 11.
-4194
What is 110112 (base 3) in base 16?
152
-b8a5 (base 13) to base 3
-1022012011
2154 (base 8) to base 11
93a
10322133 (base 4) to base 7
112452
What is 969 (base 11) in base 9?
1533
Convert -4182 (base 15) to base 6.
-144035
-4202 (base 9) to base 16
-c08
4369 (base 12) to base 8
16401
-1483 (base 16) to base 13
-250c
What is 451 (base 12) in base 14?
337
Convert -3210120 (base 4) to base 10.
-14616
Convert 26826 (base 9) to base 6.
220040
Convert 1353 (base 11) to base 10.
1752
Convert -2101301 (base 4) to base 6.
-111105
Convert 25a (base 11) to base 9.
371
What is -275 (base 14) in base 10?
-495
What is -cd (base 16) in base 12?
-151
What is 11002121 (base 3) in base 4?
232222
What is 200011 (base 4) in base 15?
91d
-3275 (base 10) to base 5
-101100
What is -70 (base 12) in base 2?
-1010100
Convert 10101101010 (base 2) to base 6.
10230
Convert 1070 (base 8) to base 4.
20320
Convert 102343 (base 5) to base 2.
110110010001
Convert -2077b (base 14) to base 13.
-29851
-81304 (base 9) to base 7
-311605
What is 1044c (base 13) in base 5?
1414201
What is -2344033 (base 5) in base 3?
-2012212102
What is -8752 (base 10) in base 12?
-5094
What is -1400403 (base 5) in base 2?
-110111001000100
Convert 113202 (base 4) to base 10.
1506
What is 12271 (base 9) in base 5?
230440
Convert 378 (base 11) to base 16.
1c0
Convert 151100 (base 6) to base 2.
11100010101100
-202222 (base 4) to base 3
-10001011
-2050 (base 7) to base 3
-222201
What is -3c3c (base 13) in base 15?
-2880
Convert 22022 (base 4) to base 10.
650
20751 (base 9) to base 12
7b47
What is -2022 (base 6) in base 4?
-12332
What is -193 (base 10) in base 7?
-364
Convert -1b9 (base 12) to base 3.
-101120
What is 33b1 (base 14) in base 15?
29d5
Convert 38 (base 14) to base 13.
3b
What is 10210 (base 3) in base 14?
74
Convert -1350 (base 9) to base 6.
-4413
